-1)/2)/(1/(-10)). What is the highest common factor of 10 and c?
5
Suppose -240 = -3*v - 0*v. Let s(w) = -3*w - 8. Let x be s(-6). Calculate the greatest common factor of x and v.
10
Let l(u) = u**3 - 5*u**2 - 5*u + 2. Let q be l(6). Let n = q - 1. Calculate the highest common factor of 77 and n.
7
Suppose -10 - 32 = -2*x. Let n be (-4)/(-14) + 519/x. Let m = 61 + -11. What is the greatest common divisor of n and m?
25
Let v = -152 - -62. Let r = 210 + v. What is the highest common factor of 24 and r?
24
Suppose -5*k - 2*y = -44, -3*y + 6*y = -9. Let u be (24/(-15))/((-2)/k). Calculate the highest common factor of 4 and u.
4
Suppose -5*m - 520 = -3*s, -187 = -0*m + 2*m + 3*s. Let b = 27 - m. What is the highest common factor of 16 and b?
16
Let x(m) = m**2 - m - 12. Let n be x(-4). Suppose -127 = -3*k - 7. Calculate the highest common factor of k and n.
8
Suppose 21 = -f + 46. Calculate the greatest common divisor of f and 200.
25
Let u = -9 + 12. Suppose -u*v - 2*v = -35. Suppose -2*h + v = -1. What is the highest common factor of h and 4?
4
Let r(s) = -s**2 - 4*s + 4. Let u be r(-4). Suppose -10 = -u*g + 6. Calculate the highest common factor of 1 and g.
1
Let b be (-4)/(12/(-141)) - 3. What is the highest common factor of b and 12?
4
Let k = 14 + 2. What is the greatest common factor of 40 and k?
8
Let d be (-4220)/(-24) + 2/12. What is the highest common divisor of d and 16?
16
Let b = -132 + 148. What is the highest common factor of b and 4?
4
Suppose 4*w = -w. Suppose 2*c - 214 = 2*m, -4*m - 116 = -c - w*m. Calculate the highest common divisor of c and 13.
13
Suppose 0 = -8*a + 8 + 80. Let b = 1 + -2. Let x be b/(-3 - (-4 - -2)). Calculate the greatest common factor of x and a.
1
Let o = 8 + -4. Suppose o*s - 369 = -s + 3*q, 5*q = 3*s - 231. Calculate the highest common factor of 9 and s.
9
Let x be (11 - 9)/(4/(-30)). Let o = x - -19. Calculate the greatest common divisor of 8 and o.
4
Let h be 1 + 5 + (-4)/(-2). Let q = -16 - -16. Let g be (-4 + q)/((-1)/22). What is the greatest common factor of g and h?
8
Let h(s) = -s**2 - s + 3. Let x be h(0). Let o be (-4)/x*(-42)/4. Let t be 246/21 + 4/o. Calculate the greatest common factor of t and 24.
12
Let i = 104 - 68. Suppose -s - z + 1 = z, 35 = 3*s - 2*z. What is the greatest common divisor of i and s?
9
Suppose -5*u = -2*i + 121, 5*u - 220 = -5*i + u. Calculate the highest common divisor of i and 12.
12
Suppose 0*v - 96 = -2*v. Suppose -2*u + 24 = -0*u. What is the highest common factor of u and v?
12
Let v be 24/(-18)*(-3)/2. Let r be 13 - 2/(6/9). Calculate the greatest common factor of v and r.
2
Let d = -15 + 62. Suppose 3*s - d = -2*y, -2*s + 5*y = -0*y - 6. What is the greatest common factor of s and 52?
13
Suppose -9 = 4*t - 1. Let o be 1*(-1 - t)*2. Calculate the highest common divisor of o and 2.
2
Let y(g) = g**2 - g + 81. Let v be y(0). Let l be (-2 - -10) + ((-3)/(-1) - 2). Calculate the greatest common divisor of l and v.
9
Let f = 28 + -6. Calculate the highest common factor of 55 and f.
11
Let u(d) = d**3 - 5*d**2 + 7*d - 6. Let r be u(4). Let b = r + 0. Let h(t) = -3*t. Let q be h(-2). What is the highest common divisor of b and q?
6
Suppose 0*s - 4*s + 80 = 0. Suppose 2*j - 27 - 3 = 5*m, 4*j + 3*m = 8. What is the highest common factor of j and s?
5
Let v(c) = 12*c**2 - c. Let p(q) = 12*q**2 - q. Let t(z) = -2*p(z) + 3*v(z). Suppose 1 = f - 0. Let x be t(f). Calculate the highest common factor of 33 and x.
11
Suppose 5*y + 3*q = 70, 3*q - 56 = -4*y + q. Calculate the greatest common divisor of 4 and y.
2
Let g(o) = 2*o**2 + 2*o + 1. Let j be g(-2). Let l be 218/4 + 2/4. Let f = l - 10. What is the greatest common divisor of j and f?
5
Let i(l) = -l + 4 + 4*l - 2*l. Let a be i(0). Let b be 1/(-1)*(-72)/2. What is the greatest common factor of a and b?
4
Let s(n) = n**2 - 6*n + 2. Let y be s(6). Calculate the highest common factor of 22 and y.
2
Let j(i) = -i**2 - 3*i - 2. Let l be j(-2). Let p be 72*((-4)/(-6) + l). What is the highest common factor of p and 6?
6
Suppose 4*k - 5 = 3. Calculate the greatest common factor of k and 4.
2
Suppose 1 = 2*d - 29. Suppose -2 = -5*b - 12. Let i be 3 - (1 + b/2). What is the greatest common divisor of i and d?
3
Let j = 75 - 39. Suppose f - j = -2*f. Calculate the greatest common divisor of f and 132.
12
Suppose n + 1 - 15 = 5*l, -2*n + 5*l + 53 = 0. Let i be 4 - 3/(12/8). Suppose -i*b - 9 = -n. Calculate the greatest common divisor of b and 15.
15
Let b = -18 - -30. Suppose -t = -6*r + 4*r, t + b = 5*r. Let x(m) = m - 3. Let q be x(t). What is the highest common divisor of 40 and q?
5
Let o(s) = -5*s + 1. Let h be o(7). Suppose 2 = -2*q + 5*i, 5*q - 5*i = -0*i - 5. Let w be 2/((-4)/h) - q. What is the greatest common divisor of w and 27?
9
Suppose 0 = -4*z + z. Let o(i) = -i + 4. Let x be o(z). Suppose 12 = 2*f + 3*h, -5*f - 2*h + 26 = -4. Calculate the greatest common divisor of f and x.
2
Suppose 0 + 5 = f. Suppose 0*z = f*z - 40. Let a be (-5)/((-15)/48)*2. Calculate the highest common divisor of a and z.
8
Suppose s + 76 = 6*s - 4*b, 4*s - 64 = 4*b. Calculate the greatest common divisor of s and 48.
12
Let z = 22 + -24. Let m = z + 10. Calculate the highest common factor of 32 and m.
8
Let t(r) = -8*r + 6. Let l be t(2). Let w be 6/l + (-458)/(-5). What is the highest common factor of 13 and w?
13
Let l be (-26)/4*8/(-4). Suppose -4*g + l = 1. Suppose -g*y = -3*k + 61 - 7, 0 = 3*k - y - 44. Calculate the greatest common divisor of 65 and k.
13
Let x(g) = 2*g**2 + 3*g. Let w be x(-2). Suppose w*s = 3*j + 22 + 15, -2*j + 2 = 0. Suppose -4*p + s + 16 = 0. Calculate the highest common factor of p and 45.
9
Suppose -3*a - 4 = -a. Let q = -6 + 10. Let t be a - (1 + -1 - q). What is the greatest common factor of 2 and t?
2
Suppose 38 = 2*k - 116. Calculate the highest common divisor of 11 and k.
11
Let z be 2/(-6) - (-10)/3. Suppose 3 = z*q, 4*i + q - 7 + 2 = 0. Suppose -w + 3 = -3*d, -2*d = -4*w - 6*d + 44. Calculate the greatest common factor of i and w.
1
Let k = -14 - -18. Calculate the greatest common divisor of 10 and k.
2
Let b be (-3 - -6)*(-528)/(-9). Calculate the highest common divisor of 16 and b.
16
Let b(k) = -3 - 3*k**2 + 0*k**2 + 4*k**2 + 0. Let a be b(5). Calculate the highest common factor of a and 33.
11
Let p(h) = h**2 + h - 2. Let j be p(-2). Let b = j + 5. Suppose -5*n + 3*l + 185 = 0, b*l - 31 - 74 = -2*n. What is the greatest common factor of n and 5?
5
Let d(v) be the first derivative of v**3/3 + 3*v**2/2 - 1. Suppose -i = 3 + 3. Let u be d(i). What is the greatest common factor of 198 and u?
18
Let p = -3 + 9. Let h(y) = -y**3 + 10*y**2 + 12. Let d be h(10). What is the greatest common factor of p and d?
6
Let y = 11 + -1. Let m = 20 - y. What is the highest common divisor of 110 and m?
10
Let v be (-1 - 0)*-2 + 0. Suppose -v*x = -12 + 4. Calculate the highest common divisor of 32 and x.
4
Suppose -v + 3 + 2 = 0. Suppose -10 = -6*n + n, -274 = -4*u - v*n. What is the greatest common divisor of u and 22?
22
Let c = 92 - 65. Suppose -4*x - 6*m + 3*m = -36, -4*m - c = -3*x. What is the greatest common divisor of 27 and x?
9
Let r = -18 + 33. What is the highest common divisor of r and 5?
5
Suppose 3*r = 6*r - 297. What is the greatest common factor of r and 11?
11
Let o = -5 + 7. Suppose 46 = 2*c + 3*v, -2*c - o*v + 104 = 3*c. Let f(h) = 9*h**2 + 2*h + 1. Let m be f(-1). Calculate the highest common divisor of c and m.
4
Let t(v) = v**3 + 3*v**2 + v + 1. Let a be t(-3). Let s be (a/6)/(4/(-108)). Calculate the greatest common factor of 6 and s.
3
Let m = -12 - -27. Calculate the highest common divisor of m and 105.
15
Suppose -112 + 7 = -4*r + 5*s, 3*r = -2*s + 50. Suppose q = r - 3. What is the greatest common divisor of q and 85?
17
Let b(v) = -v**2 + 5*v. Let t be b(5). Suppose 25 = 4*s + 2*g + 7, t = 5*g + 25. Let m = -50 - -71. Calculate the highest common factor of s and m.
7
Let p(l) = l**2 + 4 - 5 - 2*l + 4. Let s be p(-3). Suppose 0 = -3*u - 11 + 92. What is the highest common factor of u and s?
9
Let r = -9 - 82. Let i = -65 - r. Let t(w) = -w**3 + w**2 + w + 39. Let v be t(0). Calculate the highest common factor of v and i.
13
Let w(b) = -b**3 + 6*b**2 + 8*b - 7. Let j be w(7). Suppose j = 5*g -